13e
Convert cd (base 15) to base 3.
21011
Convert -2436 (base 9) to base 2.
-11100010111
101010 (base 2) to base 15
2c
Convert -512 (base 9) to base 14.
-21a
Convert -1791 (base 10) to base 16.
-6ff
What is -d735 (base 14) in base 3?
-1212212202
What is 1943 (base 14) in base 13?
2104
What is 352 (base 13) in base 7?
1450
Convert 111 (base 8) to base 3.
2201
What is 50276 (base 8) in base 7?
114156
Convert 406 (base 8) to base 16.
106
What is 1001010100111 (base 2) in base 8?
11247
Convert -422 (base 13) to base 15.
-31e
Convert -2211330 (base 4) to base 8.
-24574
Convert -43a8 (base 13) to base 6.
-111401
What is 1397 (base 11) in base 9?
2420
What is 26303 (base 10) in base 12?
1327b
285 (base 10) to base 2
100011101
What is 2862 (base 9) in base 10?
2162
4b6 (base 13) to base 12
589
-10224 (base 5) to base 8
-1261
Convert 908 (base 14) to base 16.
6ec
What is -15506 (base 8) in base 4?
-1231012
1111220 (base 3) to base 16
450
What is -1641 (base 10) in base 4?
-121221
-256 (base 10) to base 14
-144
What is 1143 (base 5) in base 7?
335
What is 1c0 (base 14) in base 8?
554
Convert 105 (base 11) to base 6.
330
What is -112221 (base 3) in base 14?
-20b
Convert 1895c (base 14) to base 15.
13679
Convert -26333 (base 8) to base 12.
-678b
Convert 15110 (base 10) to base 6.
153542
21011 (base 5) to base 6
10221
15211 (base 8) to base 13
3127
What is a193 (base 15) in base 13?
126b1
101011111111 (base 2) to base 15
c7a
What is -677 (base 9) in base 10?
-556
-19b0 (base 12) to base 2
-110001010100
What is -10890 (base 12) in base 2?
-101010111101100
Convert -3542 (base 8) to base 2.
-11101100010
Convert -59a5 (base 11) to base 15.
-24de
-20320 (base 4) to base 3
-210001
What is 5a72 (base 15) in base 7?
110033
Convert -7599 (base 12) to base 5.
-403213
What is -1101001 (base 3) in base 7?
-2626
Convert 111101100 (base 2) to base 14.
272
1708b (base 14) to base 16
e193
-1292 (base 16) to base 14
-1a38
-10426 (base 7) to base 15
-b97
What is -506 (base 11) in base 5?
-4421
Convert 5383 (base 11) to base 2.
1101111000101
What is 54534 (base 6) in base 7?
31000
-26f8 (base 16) to base 3
-111200111
What is 103023 (base 4) in base 15?
56c
Convert 81a (base 15) to base 16.
721
Convert 2924 (base 13) to base 8.
13471
-503 (base 7) to base 2
-11111000
1959 (base 13) to base 2
111011010000
What is 6a5 (base 14) in base 15?
5d1
Convert 2117 (base 9) to base 5.
22210
-5316 (base 11) to base 2
-1101101111011
10651 (base 13) to base 8
71711
What is -684 (base 10) in base 9?
-840
Convert 236 (base 11) to base 2.
100011001
Convert 2cbd (base 14) to base 4.
1331013
Convert 202122 (base 3) to base 14.
2bb
What is -183 (base 10) in base 5?
-1213
Convert 3371 (base 16) to base 7.
53252
What is -8b4 (base 12) in base 15?
-5ad
Convert -290 (base 12) to base 13.
-246
Convert -1046 (base 12) to base 7.
-5124
What is -282 (base 11) in base 15?
-172
Convert -4741 (base 14) to base 5.
-344110
44112 (base 6) to base 15
1c12
What is 24 (base 13) in base 2?
11110
Convert -1095 (base 11) to base 4.
-112123
What is -3b8 (base 12) in base 7?
-1445
Convert -51 (base 9) to base 16.
-2e
What is 181 (base 9) in base 5?
1104
Convert -1021 (base 3) to base 6.
-54
Convert 4620 (base 14) to base 8.
27624
2a51 (base 11) to base 9
5344
What is -e6e (base 15) in base 12?
-1a72
What is -43012 (base 5) in base 10?
-2882
Convert 447 (base 11) to base 7.
1363
36665 (base 8) to base 15
4a32
4056 (base 7) to base 2
10110000101
Convert 10414 (base 7) to base 16.
a30
What is -ac28 (base 14) in base 2?
-111010010000100
10100000111110 (base 2) to base 12
5b66
1445 (base 7) to base 10
572
Convert -2111330 (base 5) to base 13.
-1304b
-22e (base 16) to base 6
-2330
What is 12390 (base 14) in base 3?
2021012112
Convert 10231 (base 4) to base 12.
211
21213 (base 5) to base 2
10110011001
6594 (base 10) to base 3
100001020
What is 351 (base 12) in base 2?
111101101
Convert 46c (base 15) to base 3.
1101010
What is 155 (base 15) in base 8?
461
What is -243230 (base 5) in base 7?
-35536
What is 141200 (base 5) in base 2?
1011010101000
2033 (base 8) to base 10
1051
9402 (base 12) to base 11
11134
What is 5294 (base 16) in base 10?
21140
What is -1687 (base 9) in base 4?
-110032
324 (base 6) to base 12
a4
-2899 (base 12) to base 11
-3606
What is 20510 (base 8) in base 12?
4b20
What is -22402 (base 7) in base 6?
-42154
Convert 23312 (base 6) to base 3.
11121022
What is 78bb (base 13) in base 15?
500a
Convert -b511 (base 14) to base 12.
-16063
-7a5 (base 11) to base 12
-682
-6a8 (base 15) to base 9
-2055
-d23 (base 16) to base 3
-11121120
Convert -101001 (base 3) to base 7.
-535
What is -263 (base 16) in base 4?
-21203
Convert 105 (base 8) to base 4.
1011
a31 (base 11) to base 6
5432
15089 (base 11) to base 9
32310
What is -122452 (base 6) in base 4?
-2223200
Convert -243303 (base 6) to base 11.
-15171
What is -467 (base 8) in base 14?
-183
What is -519 (base 10) in base 9?
-636
Convert -2311 (base 7) to base 5.
-11331
Convert 25e0 (base 16) to base 9.
14263
425 (base 10) to base 11
357
What is -c0 (base 14) in base 2?
-10101000
248 (base 16) to base 9
718
-32432 (base 5) to base 7
-6352
17925 (base 12) to base 13
12716
What is -481 (base 9) in base 7?
-1105
What is -16851 (base 10) in base 12?
-9903
What is -313323 (base 5) in base 16?
-28df
-7ab (base 12) to base 15
-50e
Convert -11a9 (base 12) to base 6.
-13133
Convert -2684 (base 15) to base 12.
-4914
Convert 1304 (base 5) to base 3.
21120
33140 (base 6) to base 10
4596
What is -13130 (base 6) in base 11?
-1557
Convert 9446 (base 10) to base 14.
362a
What is 1110001010110 (base 2) in base 16?
1c56
What is -6606 (base 7) in base 12?
-1446
-68731 (base 10) to base 13
-25390
Convert 4361 (base 7) to base 12.
aa2
What is 100001110011 (base 2) in base 3?
2222010
-2222 (base 11) to base 2
-101101110000
Convert -21361 (base 9) to base 11.
-a6a3
What is 78ba (base 14) in base 8?
50714
What is 25757 (base 10) in base 3?
1022022222
What is -1100000 (base 3) in base 6?
-4300
3 (base 6) to base 3
10
-111405 (base 7) to base 8
-46450
What is 3112 (base 5) in base 9?
502
-16155 (base 11) to base 6
-253332
1257 (base 10) to base 16
4e9
What is 1423 (base 5) in base 10?
238
Convert -1a396 (base 12) to base 4.
-21122202
1312 (base 6) to base 10
332
Convert 11133 (base 7) to base 13.
1389
Convert 568b (base 12) to base 8.
22613
Convert -3300323 (base 4) to base 6.
-155215
-27a3 (base 13) to base 5
-140320
Convert 768 (base 9) to base 4.
21311
What is 11101111110001 (base 2) in base 11?
10590
Convert -4235 (base 8) to base 13.
-1008
Convert -886 (base 10) to base 11.
-736
Convert -1202 (base 3) to base 15.
-32
What is 42153 (base 12) in base 4?
111021033
What is -2433124 (base 5) in base 14?
-12ac7
1224 (base 7) to base 14
24b
What is 2207 (base 11) in base 4?
231133
Convert -6cd6 (base 14) to base 4.
-10220330
What is -9574 (base 11) in base 13?
-59c3
What is -20341 (base 6) in base 7?
-10642
364 (base 7) to base 10
193
100001001000001 (base 2) to base 13
7949
2242001 (base 5) to base 14
10951
Convert -2021000 (base 4) to base 2.
-10001001000000
Convert 1899a (base 11) to base 8.
63567
What is -354 (base 9) in base 13?
-196
What is -4b0 (base 12) in base 16?
-2c4
What is -b121 (base 12) in base 4?
-10223221
-199 (base 13) to base 9
-357
What is 220415 (base 7) in base 9?
57875
1835 (base 9) to base 14
729
What is 3c25 (base 16) in base 13?
7015
Convert 7563 (base 10) to base 4.
1312023
5552 (base 6) to base 8
2414
Convert 1000000101100000 (base 2) to base 16.
8160
Convert 2553 (base 6) to base 3.
212220
Convert -1165 (base 7) to base 11.
-36a
Convert -45620 (base 7) to base 3.
-120221122
What is 3ad (base 14) in base 11?
614
What is 1641 (base 7) in base 6?
3030
What is 100010010 (base 2) in base 12?
1aa
What is -1545 (base 12) in base 14?
-ca9
What is 177d (base 15) in base 11?
3898
-43554 (base 6) to base 16
-179e
What is -71c (base 16) in base 9?
-2442
Convert -34231 (base 5) to base 8.
-4611
-1011200 (base 3) to base 11
-708
What is -12c1 (base 16) in base 9?
-6524
Convert 406 (base 10) to base 11.
33a
What is 2a2 (base 11) in base 10?
354
Convert 43b (base 16) to base 8.
2073
Convert 1752a (base 11) to base 6.
305511
3130 (base 12) to base 11
4037
635 (base 8) to base 5
3